hen 1095 is divided by -547*(-12 + 13)*-1.
1
Suppose 4*m - 51 = m. Suppose 0 = -2*u + 5*i - 205, 0 = -3*u + 2*i - 199 - 136. Let d = u - -180. What is the remainder when d is divided by m?
14
Suppose 4*p - 29 - 75 = 4*a, 0 = 3*p + a - 74. Calculate the remainder when p is divided by 17.
8
Let r(g) = 2*g**2 - 17*g + 7. Let v(a) = a**2 + a + 9. Let f be v(0). What is the remainder when 77 is divided by r(f)?
13
Calculate the remainder when (-6)/(-6*(-3)/(-453)) is divided by 17.
15
Let o(v) = 4*v**2 + 11*v - 67. What is the remainder when o(5) is divided by 10?
8
Let a = 955 + -946. Calculate the remainder when 22 is divided by a.
4
Suppose -b = -4*q + 734, 3*b - 1000 = -4*q - 258. Calculate the remainder when q is divided by 23.
0
Suppose r = 5*a + 6, -50 = 5*r - 0*a - 5*a. Let z = r - -27. Suppose g - z - 9 = -2*n, 0 = 2*n. Calculate the remainder when 85 is divided by g.
19
Calculate the remainder when 150 is divided by (5/30 - (-469)/84)*16.
58
Let j = 38 + -18. Let p(a) = a**3 - 71*a**2 + 70*a + 36. Calculate the remainder when p(70) is divided by j.
16
Suppose 196 = 7*f + 112. Calculate the remainder when 66 is divided by f.
6
Let w be 12/(-8) - 29/(-2). What is the remainder when 59 is divided by (w/(-39))/(1/(-66))?
15
Let x = 35 + 23. Suppose 4*v + x = 2*s, -8 = -s - 7*v + 2*v. What is the remainder when 181 is divided by s?
20
Suppose 0 = 4*i, 0 = u + 3*u - 2*i. Suppose 5*b + 42 - 97 = u. What is the remainder when b is divided by 0 - 1 - 5*-1?
3
Let k(l) = l**3 + 13*l**2 - 16*l + 11. Calculate the remainder when 192 is divided by k(-14).
36
Suppose 177 + 393 = 19*j. What is the remainder when 149 is divided by j?
29
Suppose -a - 2*a + 51 = 0. Suppose 5*p - 4*p - 4*v = a, -3*v = -2*p + 59. Let l(k) = 6*k**2 + 2*k + 4. What is the remainder when l(4) is divided by p?
34
Suppose -v + 70 = 3*m, 5*v - 10*v = m - 14. What is the remainder when 45 is divided by m?
21
Let u(q) = -q - 3. Let r(a) = -3*a - 2. Suppose -s + 4 = -4*j, -j - 5*s = -2*j + 18. Calculate the remainder when r(j) is divided by u(-6).
1
Let y(w) = -56*w**3 - 2*w**2 - 5*w - 2. Calculate the remainder when y(-1) is divided by 20.
17
Let v = 2286 - 2250. Calculate the remainder when 859 is divided by v.
31
Let c be (-1)/((-28)/(-8) - 4). Suppose j - c - 4 = 0. Calculate the remainder when j is divided by 3.
0
Suppose -4*j + 8*j + 3*u = 79, j = 5*u + 14. What is the remainder when j is divided by 15?
4
Suppose -3*r - 1 = l, l + 7 = -0*l + 3*r. Let p = -11 + 29. What is the remainder when p is divided by -4 - (-6 + (l - -1))?
3
Suppose -3*j + 4*r = j + 8, 3*r - 12 = j. Let y be 74/14 - 4/14. What is the remainder when (y - 11)/(6/(-8)) is divided by j?
2
Suppose -10*x = -1703 + 1503. What is the remainder when 32 is divided by x?
12
Let c = 2 - 1. Let j(d) = 3*d - 8 - d + 3 + 13*d**2 + 2 + 2. Calculate the remainder when 40 is divided by j(c).
12
Let s(q) = 4*q**2 + 4*q - 147. Suppose -5*h = -93 - 27. What is the remainder when s(8) is divided by h?
21
Suppose 15 = n + 1. Suppose -13*r = -194 - 274. Calculate the remainder when r is divided by n.
8
Let g(u) = u**2 + 5*u - 5. Let o be g(-7). Suppose 2*t - 4*t + 72 = 0. Calculate the remainder when t is divided by (-49)/(-4) + o/12.
10
Suppose -5*q - 4*y - 10 + 169 = 0, y - 63 = -2*q. Suppose 4*h - q = 3*h. Let w = h - 19. Calculate the remainder when 20 is divided by w.
8
Let r = 21 - 22. Suppose 0 = -3*u - 124 + 52. Let f = r - u. Calculate the remainder when f is divided by 13.
10
Let c(o) = o**3 - 4*o**2 - 4*o - 3. Let z be c(5). Suppose z*w - 16 = 20. Let y(s) = -s**3 - 6*s**2 + 3. Calculate the remainder when y(-7) is divided by w.
16
Let k be (-2)/(-4)*5*2. Suppose 0 = k*u - n - 1965, n = -u + 2*n + 393. Suppose -u = -4*t - 85. Calculate the remainder when t is divided by 20.
17
Suppose 3 = -9*j + 363. Calculate the remainder when j is divided by 22.
18
Let m = -306 + 363. Suppose 5*v - 10 = 4*w - 3*w, -v = -3*w + 40. What is the remainder when m is divided by w?
12
Suppose -3*y + 34 = 4*h - 89, -3*h = -4*y - 111. What is the remainder when 64 is divided by h?
31
Let t(u) = u**3 - 16*u**2 + 2*u - 25. What is the remainder when 25 is divided by t(16)?
4
Let t(q) = q**3 + 16*q**2 - 5*q - 45. Suppose 2*c = -2*a + 114, -3*a + 0*a - 5*c + 165 = 0. What is the remainder when a is divided by t(-16)?
25
Calculate the remainder when (-14 + 30)/((-3)/(-90)*3) is divided by 28.
20
Suppose 39 = 2*i - x, 3*x + 24 = i + x. What is the remainder when i is divided by 5?
3
Suppose -28*a - 30*a - 27*a + 340 = 0. Calculate the remainder when ((-1)/(-1) - -13)/2 is divided by a.
3
Let a = 21 + -189. Let w = -163 - a. Calculate the remainder when 37 is divided by w.
2
Let v be 15/1 - (9 + -9). Suppose 8*a - 5*a - 12 = 0. Let f = a + v. Calculate the remainder when 35 is divided by f.
16
Let s = 20 - 6. What is the remainder when -9*40/(-15) + 2 is divided by s?
12
Suppose 5*b - 4 = -29. What is the remainder when ((-36)/b)/(11/((-2475)/(-10))) is divided by 15?
12
Let j(q) = q + 1. Let d(i) = 23. Let t(m) = -d(m) + 3*j(m). Calculate the remainder when 86 is divided by t(14).
20
Let u = 1608 + -1586. Calculate the remainder when u is divided by 3.
1
Let c(x) = -x**3 - x + 87. Let z = 59 + -59. What is the remainder when c(z) is divided by 18?
15
Let v(s) = -s**3 + 4*s**2 + 2*s - 14. What is the remainder when 319 is divided by v(-4)?
1
Let u = -39 + 42. Suppose 2*a + 118 = 4*b, a - 61 = b - u*b. Let p = -6 - -17. What is the remainder when b is divided by p?
8
Let b(u) = u + 23. Suppose 30*y = 33*y + 39. Let z = -62 - -109. What is the remainder when z is divided by b(y)?
7
Suppose -3*o = 2*l - 526, -24 = 4*l - 8. What is the remainder when o is divided by 45?
43
Suppose 0 = 4*o - 3*d + 47, -4*o + 4 = -7*o - 4*d. Calculate the remainder when 1/(4/6) + (-396)/o is divided by 27.
24
Suppose -t - 4*o = 0, t + t = 3*o. Suppose 4*p + 4*m = 172, 4*p - 167 = m - t*m. Calculate the remainder when p is divided by 9.
6
Let o(w) = w + 44. What is the remainder when 16 is divided by o(-38)?
4
What is the remainder when ((-63)/(-28) - 4)/(1/(-24)) is divided by 17?
8
Suppose 5*w + 41 = 3*i, -2*i + 2 = -2*w - 20. Calculate the remainder when 74 is divided by i.
4
Let s(k) = -k**3 - 101*k**2 + 12*k + 1239. Let t(z) = 12*z**2 - 3. Calculate the remainder when t(-3) is divided by s(-101).
24
Let h(a) = a + 2. Let f be h(4). Let d = 11 - f. Suppose -p + 58 = -d. What is the remainder when p is divided by 11?
8
Suppose 48 = 4*b - 56. Suppose -71*u - 539 = -82*u. Calculate the remainder when u is divided by b.
23
Let h = -1967 + 2059. Calculate the remainder when 352 is divided by h.
76
Let o be (-6)/(-2)*55/33. Suppose -o*j + 30 = -20. Let k(d) = -d**2 + 10*d + 2. What is the remainder when 2 is divided by k(j)?
0
Let t(n) = 21*n + 2. What is the remainder when 67 is divided by t(1)?
21
Let k(s) = s**3 + 3*s - 1. Let m be k(-3). Let i = 100 - 112. Let c = i - m. What is the remainder when c is divided by 7?
4
Let m = -33 + 11. Let y = m + 29. Suppose -1 + 22 = 7*b. Calculate the remainder when y is divided by b.
1
Let c(n) = n**3 - 15*n**2 + 45*n - 20. What is the remainder when c(13) is divided by 59?
50
Suppose 2*r + 60 = 3*j, 3*j + 156 = -4*r - 0*j. Let w = r + 58. What is the remainder when 86 is divided by w?
20
Let t(g) = -23*g**3 + g**2 + g. Let j(f) = f**2 + 78*f + 1572. Calculate the remainder when j(-43) is divided by t(-1).
21
Suppose 0 = -4*g - 2*g + 162. What is the remainder when 79 is divided by g?
25
Let b = 118 + -70. Let j(f) = -12*f - 43. Calculate the remainder when b is divided by j(-5).
14
Suppose -3*f = 2*d + 3*d - 253, d = f - 71. What is the remainder when 453 is divided by f?
73
Let p(z) = -z**3 - 7*z + 22. What is the remainder when p(-5) is divided by 38?
30
Let v = -50 + 60. Suppose 25 + 87 = -4*q. Calculate the remainder when 4/((-1 - 3)/q) is divided by v.
8
Suppose -i = -c + 15, -1 = 2*i + 1. Calculate the remainder when 45 is divided by c.
3
Suppose -30*d - 52*d + 656 = 0. Suppose 2*y = -y + 42. What is the remainder when y is divided by d?
6
Suppose 72*v = 69*v + 51. Calculate the remainder when 2 - v*(-4)/(-8)*-2 is divided by 13.
6
Let w(x) = -x**3 + 14*x**2 + 26*x + 32. Calculate the remainder when w(13) is divided by 14